digit of 155796?
7
What is the tens digit of 1805353?
5
What is the hundreds digit of 1901262?
2
What is the hundreds digit of 8742458?
4
What is the hundreds digit of 2466828?
8
What is the hundred thousands digit of 2090599?
0
What is the thousands digit of 185867?
5
What is the ten thousands digit of 1331838?
3
What is the tens digit of 177032?
3
What is the millions digit of 11805843?
1
What is the hundred thousands digit of 1309126?
3
What is the hundred thousands digit of 427665?
4
What is the millions digit of 7532311?
7
What is the units digit of 410788?
8
What is the hundreds digit of 15363781?
7
What is the tens digit of 226362?
6
What is the units digit of 2334191?
1
What is the ten thousands digit of 1082717?
8
What is the units digit of 128219?
9
What is the thousands digit of 2901481?
1
What is the hundred thousands digit of 3284326?
2
What is the ten thousands digit of 389248?
8
What is the ten millions digit of 26606084?
2
What is the tens digit of 14135013?
1
What is the hundreds digit of 1296455?
4
What is the hundred thousands digit of 1090285?
0
What is the millions digit of 1596507?
1
What is the millions digit of 2588050?
2
What is the thousands digit of 1155077?
5
What is the thousands digit of 815743?
5
What is the millions digit of 18483327?
8
What is the ten thousands digit of 4109168?
0
What is the hundred thousands digit of 4293746?
2
What is the hundreds digit of 2528852?
8
What is the thousands digit of 1042634?
2
What is the hundred thousands digit of 1902965?
9
What is the hundred thousands digit of 1844818?
8
What is the ten thousands digit of 6151666?
5
What is the thousands digit of 2177?
2
What is the hundreds digit of 855833?
8
What is the thousands digit of 80382?
0
What is the hundred thousands digit of 512037?
5
What is the thousands digit of 283633?
3
What is the hundreds digit of 5404?
4
What is the millions digit of 1681614?
1
What is the tens digit of 93147?
4
What is the ten thousands digit of 7144179?
4
What is the units digit of 652558?
8
What is the ten thousands digit of 1539134?
3
What is the thousands digit of 1620848?
0
What is the ten thousands digit of 1603343?
0
What is the hundred thousands digit of 6035256?
0
What is the hundred thousands digit of 525646?
5
What is the ten thousands digit of 6640888?
4
What is the thousands digit of 142755?
2
What is the hundreds digit of 1604253?
2
What is the ten thousands digit of 149755?
4
What is the hundreds digit of 10240719?
7
What is the ten thousands digit of 218311?
1
What is the hundreds digit of 858893?
8
What is the hundreds digit of 154112?
1
What is the ten thousands digit of 2775607?
7
What is the hundred thousands digit of 703636?
7
What is the thousands digit of 359510?
9
What is the tens digit of 888823?
2
What is the units digit of 81204?
4
What is the millions digit of 2579721?
2
What is the ten thousands digit of 2245980?
4
What is the hundred thousands digit of 840043?
8
What is the hundred thousands digit of 4285069?
2
What is the units digit of 907395?
5
What is the ten thousands digit of 162436?
6
What is the hundreds digit of 5453253?
2
What is the hundred thousands digit of 137749?
1
What is the units digit of 26609?
9
What is the units digit of 2068096?
6
What is the thousands digit of 202982?
2
What is the ten thousands digit of 3515607?
1
What is the tens digit of 2362196?
9
What is the tens digit of 901403?
0
What is the hundreds digit of 12900468?
4
What is the hundred thousands digit of 1050036?
0
What is the hundred thousands digit of 792698?
7
What is the tens digit of 5703976?
7
What is the ten thousands digit of 10855482?
5
What is the millions digit of 2872112?
2
What is the units digit of 145473?
3
What is the hundreds digit of 168155?
1
What is the millions digit of 3791860?
3
What is the hundreds digit of 342116?
1
What is the units digit of 2614638?
8
What is the hundreds digit of 318846?
8
What is the thousands digit of 449162?
9
What is the hundreds digit of 298717?
7
What is the hundreds digit of 919643?
6
What is the hundreds digit of 337559?
5
What is the thousands digit of 9342769?
2
What is the thousands digit of 3078774?
8
What is the ten thousands digit of 523024?
2
What is the millions digit of 6306393?
6
What is the ten thousands digit of 616096?
1
What is the hundred thousands digit of 2127227?
1
What is the units digit of 1259125?
5
What is the ten thousands digit of 8302124?
0
What is the ten thousands digit of 1212448?
1
What is the tens digit of 1472870?
7
What is the units digit of 2786803?
3
What is the ten thousands digit of 929101?
2
What is the ten thousands digit of 21771713?
7
What is the hundred thousands digit of 902667?
9
What is the hundred thousands digit of 28420953?
4
What is the units digit of 122319?
9
What is the ten thousands digit of 13548264?
4
What is the ten thousands digit of 109428?
0
What is the tens digit of 1287521?
2
What is the units digit of 2177796?
6
What is the hundreds digit of 794270?
2
What is the hundreds digit of 3974917?
9
What is the ten thousands digit of 23547017?
4
What is the hundreds digit of 2939989?
9
What is the units digit of 617019?
9
What is the hundreds digit of 4367159?
1
What is the tens digit of 666?
6
What is the ten thousands digit of 2022371?
2
What is the units digit of 3769688?
8
What is the thousands digit of 1045511?
5
What is the ten thousands digit of 843589?
4
What is the tens digit of 229596?
9
What is the ten thousands digit of 322688?
2
What is the hundred thousands digit of 1017335?
0
What is the tens digit of 84775?
7
What is the tens digit of 2459704?
0
What is the millions digit of 2983140?
2
What is the tens digit of 5803851?
5
What is the units digit of 6213404?
4
What is the units digit of 1433573?
3
What is the ten thousands digit of 202984?
0
What is the units digit of 171353?
3
What is the hundreds digit of 1125492?
4
What is the tens digit of 154870?
7
What is the ten thousands digit of 420796?
2
What is the millions digit of 4330973?
4
What is the tens digit of 911420?
2
What is the tens digit of 10805398?
9
What is the ten thousands digit of 5017772?
1
What is the tens digit of 182458?
5
What is the ten thousands digit of 156877?
5
What is the units digit of 32586?
6
What is the tens digit of 4946898?
9
What is the millions digit of 2368856?
2
What is the millions digit of 29204218?
9
What is the millions digit of 9316457?
9
What is the hundred thousands digit of 421363?
4
What is the ten millions digit of 20363709?
2
What is the millions digit of 2729268?
2
What is the ten thousands digit of 3819148?
1
What is the ten thousands digit of 76885?
7
What is the units digit of 7177445?
5
What is the ten thousands digit of 8383249?
8
What is the units digit of 171137?
7
What is the hundred thousands digit of 7958034?
9
What is the ten thousands digit of 144676?
4
What is the tens digit of 4849266?
6
What is the units digit of 380768?
8
What is the hundred thousands digit of 3150123?
1
What is the units digit of 129292?
2
What is the hundreds digit of 792059?
0
What is the thousands digit of 11148117?
8
What is the ten thousands digit of 1078982?
7
What is the thousands digit of 28236?
8
What is the ten thousands digit of 2732538?
3
What is the ten thousands digit of 177112?
7
What is the tens digit of 23798409?
0
What is the units digit of 315593?
3
What is the ten thousands digit of 222672?
2
What is the hundreds digit of 22462008?
0
What is the ten thousands digit of 2978386?
7
What is the thousands digit of 968055?
8
What is the thousands digit of 65072?
5
What is the units digit of 5161369?
9
What is the thousands digit of 543899?
3
What is the thousands digit of 341850?
1
What is the tens digit of 1819735?
3
What is the thousands digit of 59979?
9
What is the thousands digit of 322093?
2
What is the hundreds digit of 409437?
4
What is the ten millions digit of 11093355?
1
What is the hundred thousands digit of 746959?
7
What is the ten thousands digit of 11797144?
9
What is the millions digit of 15728672?
5
What is the units digit of 7142875?
5
What is the millions digit of 3501921?
3
What is the hundred thousands digit of 187502?
1
What is the ten thousands digit of 17168909?
6
What is the units digit of 89747